est common factor of h and z.
7
Let z be (540/18)/((-3)/(-26)). Let h(i) = i**2 + 6*i - 20. Let p be h(-10). Calculate the greatest common factor of p and z.
20
Let l(m) = m**3 + 4*m**2 + 3*m - 2. Let u be l(-3). Let h = u - -29. Let o be (-25880)/(-480) + 1/12. Calculate the greatest common factor of o and h.
27
Suppose 0 = -j - 5*z + 168, -840 = -5*j - 31*z + 26*z. What is the greatest common divisor of 48 and j?
24
Let d = 360 + 40. Suppose 0 = 3*o + 2*o - d. Suppose u = -4*u + o. What is the greatest common divisor of u and 16?
16
Let o = 443 + -212. Suppose 0 = 5*m + 6 - o. What is the greatest common factor of 45 and m?
45
Let t(k) = -k**3 - 10*k**2 - 39*k - 51. Let s be t(-3). Let v = 34 + -19. Calculate the greatest common divisor of s and v.
3
Suppose 2*w + w - 12 = 0. Suppose w*a = 2*a - 6. Let z be (516/(-3))/(-4) - a. Calculate the greatest common factor of 115 and z.
23
Suppose 4*z - 5*z = 62. Let w = -43 - z. Suppose 7 = 5*h + 32, -d + w = -h. Calculate the highest common factor of 21 and d.
7
Let w = 249 - -51. Calculate the greatest common divisor of w and 6.
6
Let h(m) = m**3 + 19*m**2 - 21*m - 9. Let c be h(-20). What is the greatest common divisor of c and 891?
11
Let u be 2*(-2 - (-18)/4). Suppose 9*d - 5*d - 5*w = 195, -2*w = -4*d + 186. Calculate the highest common divisor of u and d.
5
Let m(j) be the first derivative of 212*j**3 - 3*j**2/2 - j + 10. Let p be m(-1). What is the greatest common divisor of p and 58?
58
Suppose 4*l = 2 - 10. Let y be (l + (-5)/(-4))/(2/(-16)). Calculate the greatest common divisor of y and 30.
6
Let q = 57 + -24. Let v be ((-105)/10)/(2/(-44)). Calculate the highest common factor of v and q.
33
Let g = 181 - 164. Suppose 48 = g*i - 54. What is the highest common divisor of i and 15?
3
Let q be (-2)/6 + 1160/24 + -4. Suppose 0 = 5*m - 8 - 2. Let f be ((-1)/((-1)/q))/m. Calculate the greatest common divisor of f and 2.
2
Let t = -45 - -65. Suppose 0 = -v - 7 + t. Suppose 3*z = 4*z, 3*c - 117 = 4*z. Calculate the highest common factor of c and v.
13
Let y(w) = w**3 - 16*w**2 + 6*w - 89. Let i be y(16). Let t be 690/14 - 8/28. What is the greatest common factor of i and t?
7
Suppose -5*j + 20 = 5*t, 5*j - t = -2*t + 20. Suppose j*c + 0*c = -8, -f - 2*c + 221 = 0. What is the greatest common factor of f and 45?
45
Let s = 349 + -330. What is the greatest common factor of 323 and s?
19
Let a be 1044/(-16)*-6 + 1/2. Suppose -p + a = 3*f - 0*p, 3*f - 5*p - 416 = 0. What is the greatest common divisor of 12 and f?
12
Suppose -5*w = -5, o + w = -4*w + 104. Suppose 8*q - 35 = 37. What is the highest common divisor of q and o?
9
Suppose -329 = 6*c - 1589. What is the greatest common factor of 60 and c?
30
Let u be (-83)/4*(-3 - 9). Suppose -549 - u = -2*s. Let t = s - 217. Calculate the highest common factor of t and 26.
26
Let a be 3 + (1226 + 4)/5. Calculate the greatest common divisor of a and 581.
83
Suppose -4*a + 2*a + 22 = 0. Suppose u - 28 = 2*u. Let b be 9/7 + 8/u. What is the greatest common divisor of b and a?
1
Let d(y) = 3*y + 80. Let v be d(-20). What is the greatest common divisor of v and 180?
20
Suppose 43*o = 38*o + 1365. Calculate the greatest common divisor of o and 13.
13
Suppose 94 - 4 = -5*j. Let n = j + 0. Let i be 9/n + 146/4. What is the highest common divisor of i and 9?
9
Suppose -105*u - 600 = -130*u. Let h be 2/1*(-1)/2. Let x be h - (-9 + 2 - 2). Calculate the greatest common divisor of u and x.
8
Let t be 14/4 + (45/(-10) - -4). Suppose 0 = -y - 2*y + 12. Let n be (-4)/(-6)*(y + 14). Calculate the greatest common factor of n and t.
3
Let p = 23 + -18. Suppose 0 = -p*i - 0*i + 15. Calculate the highest common factor of i and 6.
3
Suppose -539 = -3*a - 443. Calculate the greatest common factor of a and 176.
16
Let b(l) = l + 22. Let w be 3/(-2)*-2 + -3. Let a be b(w). Suppose -4*v = r + 19, a = -3*r - v - 4*v. Calculate the highest common divisor of r and 11.
1
Suppose 52 = -36*u + 49*u. What is the greatest common divisor of u and 12?
4
Let y = 38 + -24. Let c(x) = x - 6. Let h be c(y). Calculate the greatest common divisor of h and 16.
8
Let y(s) = 5*s**2 + 4*s - 12. Let i be y(3). What is the greatest common divisor of 30 and i?
15
Suppose 0 = 3*d - 6, 2*o - 5*d + d = 8. Suppose 4*k - 1428 = -o*k. Calculate the greatest common divisor of 7 and k.
7
Suppose 4*y = -y. Suppose -2*n + y*n + 14 = 0. What is the greatest common factor of n and 1?
1
Let z = 517 + -505. Let c(m) = -2*m**3 + 6*m**2 + m + 1. Let i be c(-5). Suppose 0 = b + 2*b - i. Calculate the greatest common factor of b and z.
12
Suppose 2*i = 4, 0 = 2*f - f + 4*i + 181. Let w = -98 - f. Let a be (-33)/44 - w/(-4). What is the greatest common factor of 55 and a?
11
Suppose -x + 1071 = -3*g, -2*x + 5*g = 2*x - 4249. Let o be (x/80)/(6/20). Calculate the greatest common divisor of 4 and o.
4
Suppose 3*g - 38 = 2*g. Let w be g + (-4 - 2/(-1)). Let v(d) = 2*d**2 + 3*d. Let o be v(-3). What is the greatest common factor of o and w?
9
Let n be (-1)/(-1) - 0 - -20. Let o = 333 - 319. Let y be (n/o)/((-3)/(-10)). Calculate the highest common factor of y and 40.
5
Let z(v) = -2*v + 22. Suppose 11*t - 14*t = 21. Let i be z(t). What is the greatest common factor of i and 9?
9
Suppose 27*v - 7*v - 1320 = 0. Calculate the highest common divisor of v and 121.
11
Let w(c) be the third derivative of -c**5/60 + 7*c**4/12 + 5*c**3/2 + 7*c**2. Let y be w(14). Calculate the highest common divisor of 75 and y.
15
Let v be 33/(-11)*4/(-3). Let c(f) = -f - 20*f**2 - 2*f + 29*f**2 + 3 + f**3 - v*f. Let t be c(-9). Calculate the highest common divisor of t and 6.
6
Let h(p) = 36*p**2 - 2*p + 3. Suppose 4 = -2*m + 3*s + 12, 0 = 5*m + s - 3. Let k be h(m). Calculate the greatest common factor of 185 and k.
37
Suppose -2*k - m + 3*m + 56 = 0, -k - 3*m = -28. What is the greatest common divisor of 217 and k?
7
Let d(a) = -19*a**3 + 5*a**2 - a - 3. Let i be d(-1). Calculate the highest common factor of 2332 and i.
22
Let k = 1 - 2. Let p be -3 - (-3 + (k - 3)). Calculate the highest common factor of 4 and p.
4
Suppose 52 = 34*k - 30*k. Suppose -k*h + 8*h + 145 = 0. What is the highest common divisor of h and 58?
29
Suppose -2*k + 4832 = 4*s, 3*k = -9*s + 8*s + 7253. What is the highest common divisor of 78 and k?
78
Let f be (243 - (4 - 2)) + 2. Suppose -f = -5*i + 67. What is the greatest common divisor of i and 155?
31
Let l = 58 - 51. Let r = 8 + -6. Suppose 3*k - 5 = -3*v + l, 6 = -r*v. What is the highest common divisor of k and 56?
7
Let r(p) = 7*p - p - 31 + 34. Let q be r(6). Let j(x) = 3*x**2 - 6*x + 2. Let f be j(4). Calculate the highest common factor of f and q.
13
Let c = 235 - 199. What is the highest common factor of 180 and c?
36
Let d = -52 - -118. Let i be (22/d)/((-1)/(-15)). Suppose -2*n + 13 = r, i*r + 2*n + 32 = 113. Calculate the highest common factor of r and 51.
17
Suppose 15 = 2*n + 5*m, n = -2*m - 0 + 6. Let j be 52 - (-2 - n)*1. Calculate the greatest common factor of j and 81.
27
Suppose -3*n = -3*t - 12, 4*n = 3*n + 3*t + 4. Let q be ((-60)/35)/(n/(-42)). Calculate the greatest common divisor of q and 12.
6
Let k = -1189 + 1223. Calculate the greatest common factor of k and 272.
34
Suppose -3*c - 2*c = -o + 9, -5*c = -5*o + 105. Calculate the highest common factor of 6 and o.
6
Suppose -3*w + w - 3*i + 65 = 0, w - 30 = -i. What is the greatest common factor of 1175 and w?
25
Suppose 20 = 2*p - 7*p. Let f be (-1 + 14/p)/(3/(-6)). Calculate the highest common factor of f and 9.
9
Let c = 23 + -18. Suppose 4*w + 2 = -h + 17, -4*h - c*w = -27. What is the highest common divisor of h and 27?
3
Let t(u) be the third derivative of u**4/6 - u**3/6 - 5*u**2. Let h be t(1). Suppose -a = -h*a + 10. What is the highest common factor of a and 25?
5
Let j be (-10)/(90/27) - -31. What is the highest common factor of 2884 and j?
28
Suppose -4*i = -3*t - 297, 3*t - 2*i = -i - 288. Let j be (5 - t/(-15))/((-2)/84). Calculate the greatest common factor of j and 28.
28
Let m be 6*(-66)/(-12) + -4. What is the highest common factor of 319 and m?
29
Let m = -86 - -296. What is the greatest common divisor of m and 21?
21
Suppose -n = -5*d + 79, 15 = d + n - 2. Let x = d + 4. Let b = -9 + x. Calculate the highest common factor o